ivide 5130517?
False
Is 617681718 a multiple of 14?
False
Does 9 divide 56187940?
False
Does 7 divide 365859679?
False
Is 603554346 a multiple of 1819?
False
Is 1268250291 a multiple of 21?
True
Is 205531018 a multiple of 38?
True
Is 108246408 a multiple of 824?
True
Is 157 a factor of 138716113?
False
Is 81 a factor of 240743106?
False
Is 2913020916 a multiple of 166?
False
Does 773 divide 19692948?
True
Is 3955696 a multiple of 136?
True
Does 92 divide 352070657?
False
Is 804037 a multiple of 1826?
False
Does 21 divide 31459533?
True
Does 307 divide 7407910?
True
Is 29175336 a multiple of 3?
True
Is 138855456 a multiple of 1896?
True
Is 194 a factor of 11217468?
True
Is 1258 a factor of 215036658?
False
Is 201507312 a multiple of 87?
True
Does 288 divide 108114219?
False
Is 14 a factor of 407895404?
True
Is 52 a factor of 61360680?
False
Is 4 a factor of 863268?
True
Is 312957 a multiple of 201?
True
Is 290 a factor of 15922740?
True
Is 8473364 a multiple of 26?
False
Does 197 divide 77588775?
False
Is 12 a factor of 148351800?
True
Is 74 a factor of 43930196?
False
Is 1824438 a multiple of 16?
False
Does 3114 divide 38052689?
False
Is 14 a factor of 350274008?
True
Is 537389001 a multiple of 68?
False
Does 242 divide 411726700?
True
Is 262330 a multiple of 5?
True
Is 11 a factor of 299303355?
False
Does 51 divide 97433299?
False
Is 4318726266 a multiple of 241?
True
Is 32502095 a multiple of 185?
True
Is 41992352 a multiple of 32?
True
Is 3585009296 a multiple of 8?
True
Does 101 divide 270206714?
True
Does 28 divide 1571000188?
False
Is 420358356 even?
True
Is 7 a factor of 55699883?
False
Does 1230 divide 2865096824?
False
Is 11 a factor of 244397912?
True
Is 823171426 a multiple of 301?
False
Is 5 a factor of 56865962?
False
Is 69894133 a multiple of 52?
False
Is 71654929 a multiple of 2237?
False
Is 1081 a factor of 36421052?
True
Does 171 divide 137640603?
False
Is 2362246224 a multiple of 8?
True
Does 83 divide 5530290?
True
Is 37 a factor of 301581117?
True
Does 38 divide 65443410?
True
Does 2555 divide 34924295?
True
Is 231038772 a multiple of 3772?
True
Is 214 a factor of 85300170?
False
Is 6963233310 a multiple of 27?
True
Is 4713234 a multiple of 971?
True
Is 588588177 a multiple of 9?
False
Does 858 divide 257947404?
True
Does 392 divide 25055464?
True
Is 96324326 a multiple of 1320?
False
Is 36508232 a multiple of 46?
False
Is 25577625 a multiple of 1122?
False
Does 1080 divide 253098000?
True
Does 722 divide 32431518?
True
Is 2272081525 a multiple of 25?
True
Is 47531904 a multiple of 96?
True
Is 595 a factor of 109183690?
True
Is 232468157 a multiple of 259?
False
Is 37 a factor of 1428487?
False
Does 108 divide 1638252?
True
Is 226001865 a multiple of 7244?
False
Is 185208423 a multiple of 683?
False
Does 259 divide 63231371?
False
Is 22 a factor of 33722962?
False
Is 129 a factor of 103495668?
True
Does 145 divide 10538255?
False
Does 5308 divide 532265008?
True
Does 725 divide 644606200?
True
Is 26883185 a multiple of 4?
False
Is 39 a factor of 252447?
True
Does 366 divide 861507270?
True
Does 952 divide 21741776?
True
Is 150980440 a multiple of 130?
True
Does 2843 divide 5015663330?
False
Does 19 divide 1016109683?
True
Is 140 a factor of 608568660?
True
Is 109308441 a multiple of 167?
False
Is 22 a factor of 6457946?
True
Does 256 divide 1579844352?
True
Is 2 a factor of 11458544?
True
Does 2284 divide 50681960?
True
Does 843 divide 4343136?
True
Is 595 a factor of 176255065?
True
Is 360 a factor of 10122601?
False
Does 6 divide 76212052?
False
Does 20 divide 39234239?
False
Does 3 divide 14554919?
False
Does 37 divide 60509816?
False
Is 126 a factor of 50582322?
True
Does 1398 divide 60714108?
False
Is 63565551 even?
False
Does 71 divide 27496383?
True
Is 141488820 a multiple of 285?
True
Is 657388309 a multiple of 53?
True
Is 1988 a factor of 66143756?
False
Is 131060800 a multiple of 832?
True
Does 401 divide 16142255?
True
Is 168287829 a multiple of 461?
False
Is 181 a factor of 62318880?
False
Is 261 a factor of 26041275?
True
Is 859 a factor of 968763020?
True
Is 148376979 a multiple of 1359?
True
Is 76192572 a multiple of 102?
True
Is 1365665 a multiple of 16?
False
Does 829 divide 847307301?
False
Is 112 a factor of 61678848?
True
Is 8 a factor of 89816738?
False
Is 61 a factor of 28342918?
True
Is 720030 a multiple of 5?
True
Is 1620589006 a multiple of 90?
False
Is 2303774447 a multiple of 442?
False
Does 15 divide 1013625?
True
Is 3947 a factor of 94109718?
False
Is 1716747819 a multiple of 281?
False
Is 362460057 a multiple of 1561?
False
Is 13 a factor of 16768362?
True
Is 412681185 a multiple of 9?
True
Does 120 divide 447615461?
False
Is 2516634910 a multiple of 201?
False
Does 39 divide 99178872?
True
Is 1752 a factor of 345145844?
False
Does 208 divide 65960795?
False
Does 12133 divide 380672875?
True
Is 2642049826 a multiple of 13?
True
Is 118773844 a multiple of 32?
False
Is 407549856 a multiple of 4116?
True
Is 39041157 a multiple of 14?
False
Is 61 a factor of 288203?
False
Does 126 divide 34157718?
True
Is 1699232311 a multiple of 173?
False
Is 58 a factor of 105325506?
True
Is 201133560 a multiple of 10?
True
Is 2569 a factor of 115317272?
True
Is 38 a factor of 110098408?
False
Is 199 a factor of 27633532?
False
Is 595986258 a multiple of 1239?
True
Is 4184 a factor of 214275192?
True
Is 23 a factor of 168526753?
False
Does 1453 divide 707224734?
False
Is 35647753 a multiple of 2010?
False
Is 1397 a factor of 7193153?
True
Does 499 divide 29451189?
False
Is 41456492 a multiple of 82?
False
Is 98 a factor of 140686678?
False
Does 493 divide 32288542?
True
Is 4168516 a multiple of 449?
True
Is 4122354411 a multiple of 44?
False
Is 276 a factor of 44733111?
False
Is 83 a factor of 351184647?
False
Is 1141 a factor of 40741822?
False
Is 1950784558 a multiple of 184?
False
Is 8149647 a multiple of 94?
False
Is 284 a factor of 771710928?
True
Is 3 a factor of 20128493?
False
Does 2492 divide 43721950?
False
Is 156608626 a multiple of 224?
False
Does 11 divide 40192768?
True
Does 32 divide 47391998?
False
Does 22 divide 684037156?
True
Is 71 a factor of 29406028?
False
Does 1945 divide 9526610?
True
Is 77 a factor of 4195961?
True
Is 260 a factor of 265984940?
True
Is 459 a factor of 131912665?
False
Is 6 a factor of 515526?
True
Does 343 divide 1528222435?
False
Does 194 divide 7194599?
False
Does 290 divide 264787110?
True
Is 154 a factor of 814312268?
True
Is 20 a factor of 292898691?
False
Is 687583729 a multiple of 2999?
True
Is 78770075 a multiple of 251?
True
Is 684563337 a multiple of 707?
False
Is 5598 a factor of 128887239?
False
Is 3191 a factor of 61117223?
True
Does 1185 divide 126670575?
True
Is 42371427 a multiple of 16?
False
Is 37095256 a multiple of 1287?
False
Is 363603323 a multiple of 14?
False
Is 120776648 a multiple of 281?
False
Is 2529900 a multiple of 3383?
False
Does 20 divide 1364543520?
True
Is 1091 a factor of 73501761?
True
Is 194997549 a multiple of 107?
True
Does 26 divide 23509803?
False
Is 18295208 a multiple of 1006?
False
Is 223702248 a multiple of 56?
True
Is 35997138 a multiple of 2081?
True
Is 75650134 a multiple of 205?
False
Is 18359979 a multiple of 2053?
True
Does 9 divide 808705071?
True
Is 19 a factor of 149898318?
False
Is 215 a factor of 17038316?
False
Is 456 a factor of 14196648?
True
Is 5035470 a multiple of 15?
True
Is 40 a factor of 18083923?
False
Does 493 divide 3105631315?
True
Is 2780 a factor of 60779140?
True
Is 4752558918 a multiple of 747?
True
Is 2070326 a multiple of 49?
False
Is 13 a factor of 5607171596?
True
Is 136469124 a multiple of 2596?
True
Does 3895 divide 19221501?
False
Does 49 divide 110397945?
False
Is 18972612 a multiple of 348?
True
Is 515223969 a multiple of 19?
True
Is 3130770 a multiple of 5?
True
Is 16 a factor of 788241984?
True
Is 4 a factor of 412199064?
True
Is 3675477 a multiple of 219?
True
Does 144 divide 38489904?
True
Is 12 a factor of 2015287541?
False
Is 13616131 a multiple of 42?
False
Is 20 a factor of 525268500?
True
Is 836 a factor of 149575448?
True
Does 77 divide 37024526?
True
Is 968714628 a multiple of 1988?
True
Is 100020600 a multiple of 24?
True
Is 5108 a factor of 514917048?
True
Does 5 divide 13